{"id":250,"date":"2015-11-03T15:19:48","date_gmt":"2015-11-03T15:19:48","guid":{"rendered":"http:\/\/demowp.cththemes.net\/outdoor\/?page_id=250"},"modified":"2022-03-15T14:21:23","modified_gmt":"2022-03-15T14:21:23","slug":"contact-2","status":"publish","type":"page","link":"https:\/\/bengardies.fr\/?page_id=250","title":{"rendered":"Contact"},"content":{"rendered":"<p>[vc_row cth_layout=&#8221;contact2_bg_sec&#8221;][vc_column css=&#8221;.vc_custom_1446740174244{padding-bottom: 60px !important;}&#8221;][vc_column_text]<\/p>\n<h2>Contacts<\/h2>\n<div class=\"separator\"><\/div>\n<p>[\/vc_column_text][\/vc_column][vc_column offset=&#8221;vc_col-md-4&#8243;][vc_column_text]<\/p>\n<p class=\"no-rep\">Pour recevoir un devis ou discuter d&#8217;un projet que vous aimeriez photographier, veuillez remplir le formulaire ci-dessous en indiquant la nature du projet et tous les d\u00e9tails qu&#8217;il peut \u00eatre n\u00e9cessaire de conna\u00eetre avant le tournage et je vous r\u00e9pondrai dans les plus brefs d\u00e9lais.<\/p>\n<p>&nbsp;<\/p>\n<p id=\"tw-target-text\" class=\"tw-data-text tw-text-large tw-ta\" dir=\"ltr\" data-placeholder=\"Translation\"><span class=\"Y2IQFc\" lang=\"en\">To receive a quote or discuss a project you would like to photograph, please fill out the form below indicating the nature of the project and any details you may need to know before shooting and I will get back to you as soon as possible.<\/span><\/p>\n<p>[\/vc_column_text][\/vc_column][vc_column offset=&#8221;vc_col-md-8&#8243;]\n<div class=\"wpcf7 no-js\" id=\"wpcf7-f313-o1\" lang=\"en-US\" dir=\"ltr\">\n<div class=\"screen-reader-response\"><p role=\"status\" aria-live=\"polite\" aria-atomic=\"true\"><\/p> <ul><\/ul><\/div>\n<form action=\"\/index.php?rest_route=%2Fwp%2Fv2%2Fpages%2F250#wpcf7-f313-o1\" method=\"post\" class=\"wpcf7-form init\" aria-label=\"Contact form\" novalidate=\"novalidate\" data-status=\"init\">\n<div style=\"display: none;\">\n<input type=\"hidden\" name=\"_wpcf7\" value=\"313\" \/>\n<input type=\"hidden\" name=\"_wpcf7_version\" value=\"5.8.1\" \/>\n<input type=\"hidden\" name=\"_wpcf7_locale\" value=\"en_US\" \/>\n<input type=\"hidden\" name=\"_wpcf7_unit_tag\" value=\"wpcf7-f313-o1\" \/>\n<input type=\"hidden\" name=\"_wpcf7_container_post\" value=\"0\" \/>\n<input type=\"hidden\" name=\"_wpcf7_posted_data_hash\" value=\"\" \/>\n<\/div>\n<div id=\"contact-form\">\n\t<p><span class=\"wpcf7-form-control-wrap\" data-name=\"Votre-nom\"><input size=\"40\" class=\"wpcf7-form-control wpcf7-text wpcf7-validates-as-required\" aria-required=\"true\" aria-invalid=\"false\" placeholder=\"Nom\" value=\"\" type=\"text\" name=\"Votre-nom\" \/><\/span><span class=\"wpcf7-form-control-wrap\" data-name=\"Telephone\"><input size=\"40\" class=\"wpcf7-form-control wpcf7-text wpcf7-validates-as-required\" aria-required=\"true\" aria-invalid=\"false\" placeholder=\"Telephone\" value=\"\" type=\"text\" name=\"Telephone\" \/><\/span><span class=\"wpcf7-form-control-wrap\" data-name=\"Votre-email\"><input size=\"40\" class=\"wpcf7-form-control wpcf7-email wpcf7-validates-as-required wpcf7-text wpcf7-validates-as-email\" aria-required=\"true\" aria-invalid=\"false\" placeholder=\"E-mail\" value=\"\" type=\"email\" name=\"Votre-email\" \/><\/span><span class=\"wpcf7-form-control-wrap\" data-name=\"Votre-message\"><textarea cols=\"40\" rows=\"10\" class=\"wpcf7-form-control wpcf7-textarea wpcf7-validates-as-required\" aria-required=\"true\" aria-invalid=\"false\" placeholder=\"Message\" name=\"Votre-message\"><\/textarea><\/span><input class=\"wpcf7-form-control wpcf7-submit has-spinner send_message transition\" type=\"submit\" value=\"Envoyer Message\" \/>\n\t<\/p>\n<\/div><input type=\"hidden\" id=\"ct_checkjs_cf7_37f0e884fbad9667e38940169d0a3c95\" name=\"ct_checkjs_cf7\" value=\"0\" \/><script >setTimeout(function(){var ct_input_name = \"ct_checkjs_cf7_37f0e884fbad9667e38940169d0a3c95\";if (document.getElementById(ct_input_name) !== null) {var ct_input_value = document.getElementById(ct_input_name).value;document.getElementById(ct_input_name).value = document.getElementById(ct_input_name).value.replace(ct_input_value, '401128114');}}, 1000);<\/script><label class=\"apbct_special_field\" id=\"apbct_label_id68439\" for=\"apbct__email_id__wp_contact_form_7_68439\">68439<\/label><input \n        id=\"apbct__email_id__wp_contact_form_7_68439\" \n        class=\"apbct_special_field apbct__email_id__wp_contact_form_7\"\n        autocomplete=\"off\" \n        name=\"apbct__email_id__wp_contact_form_7_68439\"  \n        type=\"text\" \n        value=\"68439\" \n        size=\"30\" \n        apbct_event_id=\"68439\"\n        maxlength=\"200\" \n    \/><input \n        id=\"apbct_event_id_wp_contact_form_7_68439\"\n        class=\"apbct_special_field\"\n        name=\"apbct_event_id\"\n        type=\"hidden\" \n        value=\"68439\" \n            \/><div class=\"wpcf7-response-output\" aria-hidden=\"true\"><\/div>\n<\/form>\n<\/div>\n[\/vc_column][\/vc_row]<\/p>\n","protected":false},"excerpt":{"rendered":"<p>[vc_row cth_layout=&#8221;contact2_bg_sec&#8221;][vc_column css=&#8221;.vc_custom_1446740174244{padding-bottom: 60px !important;}&#8221;][vc_column_text] Contacts [\/vc_column_text][\/vc_column][vc_column offset=&#8221;vc_col-md-4&#8243;][vc_column_text] Pour recevoir un devis ou discuter d&#8217;un projet que vous aimeriez photographier, veuillez remplir le formulaire ci-dessous en indiquant la nature du projet et tous les d\u00e9tails qu&#8217;il peut \u00eatre n\u00e9cessaire de conna\u00eetre avant le tournage et je vous r\u00e9pondrai dans les plus brefs d\u00e9lais. &nbsp; To [&hellip;]<\/p>\n","protected":false},"author":1,"featured_media":0,"parent":0,"menu_order":0,"comment_status":"closed","ping_status":"closed","template":"homepage.php","meta":{"_monsterinsights_skip_tracking":false,"_monsterinsights_sitenote_active":false,"_monsterinsights_sitenote_note":"","_monsterinsights_sitenote_category":0,"footnotes":""},"class_list":["post-250","page","type-page","status-publish","hentry"],"aioseo_notices":[],"_links":{"self":[{"href":"https:\/\/bengardies.fr\/index.php?rest_route=\/wp\/v2\/pages\/250","targetHints":{"allow":["GET"]}}],"collection":[{"href":"https:\/\/bengardies.fr\/index.php?rest_route=\/wp\/v2\/pages"}],"about":[{"href":"https:\/\/bengardies.fr\/index.php?rest_route=\/wp\/v2\/types\/page"}],"author":[{"embeddable":true,"href":"https:\/\/bengardies.fr\/index.php?rest_route=\/wp\/v2\/users\/1"}],"replies":[{"embeddable":true,"href":"https:\/\/bengardies.fr\/index.php?rest_route=%2Fwp%2Fv2%2Fcomments&post=250"}],"version-history":[{"count":3,"href":"https:\/\/bengardies.fr\/index.php?rest_route=\/wp\/v2\/pages\/250\/revisions"}],"predecessor-version":[{"id":881,"href":"https:\/\/bengardies.fr\/index.php?rest_route=\/wp\/v2\/pages\/250\/revisions\/881"}],"wp:attachment":[{"href":"https:\/\/bengardies.fr\/index.php?rest_route=%2Fwp%2Fv2%2Fmedia&parent=250"}],"curies":[{"name":"wp","href":"https:\/\/api.w.org\/{rel}","templated":true}]}}